 15) to base 11
11a80
-14979 (base 14) to base 6
-1033155
100000020 (base 4) to base 14
19c5a
-461 (base 7) to base 13
-155
Convert -21994 (base 12) to base 13.
-173c5
1041 (base 9) to base 16
2fe
Convert -1861 (base 15) to base 14.
-1cc2
Convert -201211100 (base 3) to base 2.
-11100001110110
Convert -1250331 (base 6) to base 3.
-10111101201
Convert 331 (base 9) to base 5.
2041
Convert -30234 (base 5) to base 11.
-1508
What is 1163 (base 11) in base 16?
5f1
Convert -3421 (base 5) to base 2.
-111100110
Convert 2306 (base 14) to base 11.
462a
Convert 2071 (base 10) to base 6.
13331
Convert 8804 (base 10) to base 15.
291e
543 (base 6) to base 8
317
Convert -2385 (base 10) to base 16.
-951
-10d5a (base 15) to base 7
-312241
Convert -300 (base 8) to base 10.
-192
What is -76476 (base 8) in base 15?
-9777
ea1d (base 16) to base 6
1141245
What is -11310 (base 4) in base 3?
-111210
Convert -2214 (base 7) to base 15.
-380
Convert -10222121 (base 3) to base 2.
-101101011001
What is -a6f (base 16) in base 14?
-d8b
What is -20001 (base 6) in base 4?
-220201
Convert -100010101000011 (base 2) to base 14.
-6667
13440 (base 8) to base 12
3514
Convert 1289 (base 10) to base 11.
a72
2101 (base 12) to base 7
13333
Convert -144a (base 13) to base 4.
-231313
-21250 (base 12) to base 7
-240651
Convert 10256 (base 12) to base 2.
101001001100010
What is 47885 (base 11) in base 10?
68942
Convert 693 (base 13) to base 15.
509
What is -101101011110 (base 2) in base 16?
-b5e
2101112 (base 3) to base 10
1742
What is -3156 (base 7) in base 5?
-13434
What is -12130 (base 4) in base 7?
-1126
What is 30110 (base 4) in base 14?
404
Convert -140064 (base 7) to base 8.
-63531
What is -6755 (base 9) in base 15?
-172b
-1e1 (base 16) to base 3
-122211
14511 (base 6) to base 16
92b
1120221 (base 3) to base 12
807
-4223 (base 5) to base 13
-344
What is 22640 (base 7) in base 13?
284c
20e (base 15) to base 3
122012
-2369 (base 12) to base 4
-332001
Convert 110 (base 9) to base 2.
1011010
222221200 (base 3) to base 10
19647
11709 (base 11) to base 9
25067
Convert 22143 (base 5) to base 9.
2110
Convert -1db2 (base 15) to base 12.
-38ab
Convert 10075 (base 8) to base 3.
12200222
637 (base 11) to base 14
3ca
720d (base 14) to base 5
1111423
What is -704 (base 8) in base 16?
-1c4
What is 13773 (base 9) in base 16?
24a5
What is 899 (base 10) in base 16?
383
What is -42226 (base 8) in base 13?
-7cb8
bb50 (base 12) to base 10
20652
Convert 162 (base 13) to base 3.
100020
Convert 8578 (base 12) to base 2.
11100100101100
1110202 (base 4) to base 10
5410
Convert -235 (base 8) to base 12.
-111
Convert -120 (base 3) to base 16.
-f
Convert 759 (base 13) to base 7.
3444
Convert -aa (base 12) to base 10.
-130
Convert 10111111111 (base 2) to base 10.
1535
-c231 (base 16) to base 4
-30020301
101212022 (base 3) to base 11
5a4a
What is a44 (base 12) in base 8?
2724
What is -1590 (base 11) in base 8?
-3763
Convert 72 (base 11) to base 12.
67
43c (base 15) to base 10
957
-16ec (base 15) to base 3
-20210020
-3104230 (base 5) to base 7
-300264
-3591 (base 12) to base 5
-143023
Convert -1300 (base 4) to base 3.
-11011
What is -514042 (base 6) in base 10?
-41066
What is -2365 (base 7) in base 13?
-529
Convert ce29 (base 15) to base 5.
2344224
What is 8453 (base 11) in base 6?
123450
Convert -220 (base 14) to base 12.
-2b0
Convert 536 (base 10) to base 2.
1000011000
Convert -626 (base 7) to base 15.
-15e
What is -1001100111010 (base 2) in base 3?
-20202022
12233 (base 5) to base 13
577
What is 1011101010000000 (base 2) in base 9?
72438
Convert 390 (base 11) to base 5.
3322
What is 3055 (base 10) in base 8?
5757
What is 118e (base 15) in base 3?
12010022
What is -121201212 (base 3) in base 7?
-50366
-10973 (base 12) to base 5
-1201434
8936 (base 15) to base 9
43786
-9e27 (base 16) to base 12
-1b51b
Convert 2131312 (base 4) to base 9.
14764
What is 41025 (base 12) in base 10?
84701
What is 5082 (base 10) in base 9?
6866
-2219 (base 14) to base 7
-23132
Convert -2a6 (base 12) to base 5.
-3124
-3522 (base 9) to base 2
-101000110100
What is -274 (base 10) in base 13?
-181
334 (base 6) to base 12
aa
-1101011100 (base 2) to base 9
-1155
-3242 (base 10) to base 5
-100432
34403 (base 5) to base 14
c90
Convert 7214 (base 9) to base 6.
40234
-33612 (base 7) to base 13
-3b67
Convert -13123223 (base 4) to base 6.
-352535
What is -26140 (base 11) in base 3?
-1220100102
What is -21222 (base 7) in base 9?
-7183
Convert 2e23 (base 15) to base 10.
9933
What is -2108 (base 15) in base 12?
-405b
838 (base 16) to base 11
1643
Convert 200021 (base 4) to base 10.
2057
Convert 23253 (base 7) to base 2.
1011101001111
Convert 3987 (base 11) to base 9.
7082
What is 2012100 (base 3) in base 7?
4446
What is 12200102 (base 4) in base 10?
26642
-1010110110010 (base 2) to base 6
-41414
-211300 (base 5) to base 2
-1101110100011
Convert 543 (base 8) to base 14.
1b5
Convert aa (base 16) to base 6.
442
11040 (base 8) to base 6
33252
What is 2a2 (base 16) in base 9?
828
Convert 1110011101001110 (base 2) to base 10.
59214
Convert -112222200 (base 3) to base 10.
-10926
What is 391 (base 12) in base 14?
2a9
What is -324405 (base 7) in base 5?
-3304141
Convert -25956 (base 10) to base 5.
-1312311
What is -1011100101 (base 2) in base 5?
-10431
What is 11214 (base 5) in base 14?
41b
Convert -651 (base 8) to base 4.
-12221
11033312 (base 4) to base 10
21494
What is 374 (base 11) in base 6?
2020
What is -3007 (base 8) in base 13?
-919
1802a (base 11) to base 15
7781
-261 (base 11) to base 13
-1aa
Convert 2343 (base 8) to base 11.
a38
-112754 (base 8) to base 15
-b58a
-3a33 (base 11) to base 7
-21163
What is -17731 (base 10) in base 15?
-53c1
What is 131535 (base 7) in base 11?
17556
Convert -2bd5 (base 14) to base 10.
-7831
141322 (base 5) to base 11
4427
Convert -3231 (base 6) to base 5.
-10424
What is 430 (base 11) in base 6?
2221
What is 5873 (base 10) in base 11?
445a
Convert -1001010011110 (base 2) to base 4.
-1022132
-592 (base 12) to base 11
-695
5748 (base 9) to base 15
13db
Convert b0 (base 12) to base 13.
a2
14633 (base 7) to base 13
1b29
What is -d0c (base 16) in base 9?
-4521
Convert 13212 (base 4) to base 7.
1263
Convert -340150 (base 6) to base 12.
-14656
What is 10025 (base 8) in base 11?
3103
Convert 239 (base 11) to base 3.
101112
What is 95a (base 16) in base 3?
10021200
What is 221221 (base 3) in base 9?
857
1431 (base 16) to base 6
35533
What is -162 (base 15) in base 16?
-13d
-1543 (base 7) to base 10
-619
What is 152 (base 9) in base 12?
a8
What is 115414 (base 7) in base 5?
1134010
What is -4031 (base 12) in base 15?
-20d4
What is -1101 (base 6) in base 14?
-141
Convert -26026 (base 7) to base 14.
-2716
Convert 1202221121 (base 3) to base 14.
ca4a
What is 40643 (base 8) in base 7?
66663
Convert -10011202111 (base 3) to base 8.
-172066
-12333 (base 9) to base 8
-20144
What is 13665 (base 11) in base 9?
28580
What is -36556 (base 7) in base 16?
-254b
-1037 (base 9) to base 14
-3c7
What is 27363 (base 8) in base 5?
341034
1719 (base 12) to base 2
101011000101
-1957 (base 15) to base 2
-1010101101010
Convert 1e1 (base 16) to base 15.
221
9ca5 (base 14) to base 4
12220321
Convert 241237 (base 8) to base 11.
57063
-2558 (base 12) to base 14
-1792
35882 (base 10) to base 8
106052
What is -413 (base 7) in base 8?
-316
What is 1011110111 (base 2) in base 15?
359
What is -1320 (base 8) in base 11?
-5a5
What is -162b (base 14) in base 3?
-12102122
What is 252 (base 9) in base 6?
545
-42012 (base 6) to base 4
-1113320
1212211202 (base 3) to base 5
2141224
Convert -1100110 (base 3) to base 4.
-33120
Convert -3913 (base 11) to base 12.
-2b48
1299 (base 16) to base 3
20112100
Convert 10100101111 (base 2) to base 11.
aa7
Convert 104300 (base 6) to base 8.
21054
What is -52 (base 16) in base 14?
-5c
-21004 (base 5) to base 11
-1044
-10542 (base 6) to base 2
-10111011110
Convert -36b (base 13) to base 12.
-418
62604 (base 8) to base 3
1022122112
-1010000010 (base 2) to base 10
-642
What is 231c (base 13) in base 14?
1b1c
What is 3c82 (base 13) in base 5?
234400
Convert 22 (base 16) to base 3.
1021
Convert -141c (base 15) to base 14.
-17d4
Convert -10012110 (base 3) to base 6.
-14450
What is 1651 (base 7) in base 11?
562
-1100010110111011 (base 2